{"id":2939,"date":"2020-01-07T12:52:41","date_gmt":"2020-01-07T12:52:41","guid":{"rendered":"http:\/\/www.enart.com.pl\/?page_id=2939"},"modified":"2024-09-12T11:19:17","modified_gmt":"2024-09-12T11:19:17","slug":"strona-glowna","status":"publish","type":"page","link":"https:\/\/www.enart.com.pl\/?page_id=2939","title":{"rendered":"Strona g\u0142\u00f3wna"},"content":{"rendered":"<p><strong>Przedszkole Niepubliczne \u201eENART\u201d<\/strong> funkcjonuje&nbsp; od jesieni <strong>2011<\/strong> roku. Usytuowane jest w do\u015b\u0107 spokojnej cz\u0119\u015bci Piask\u00f3w, przy szkole. Bezpo\u015brednie s\u0105siedztwo lasu dodaje uroku i sprzyja zdrowemu obcowaniu z przyrod\u0105.<\/p>\n<p>Budynek przedszkola i przylegaj\u0105cy do niego ogr\u00f3d znajduj\u0105 si\u0119 na terenie ogrodzonym, zabezpieczonym przed wej\u015bciem os\u00f3b niepowo\u0142anych (domofon). Ogr\u00f3d przedszkolny jest&nbsp; przestrzenny, zazieleniony, sezonowo bogaty<br \/>\nw kolorowo kwitn\u0105ce kwiaty, wyposa\u017cony w sprz\u0119t do zaj\u0119\u0107 i zabaw ruchowych.<\/p>\n<p>Przedszkole czynne jest (maksymalnie) od godziny 6.30 do 16.30. W przedszkolu mo\u017ce bawi\u0107 si\u0119 i uczy\u0107 maks. 33 wychowank\u00f3w w wieku <strong>od<\/strong> <strong>2,5 do 5 lat<\/strong>: m\u0142odsze dzieci \u2013 grupa <strong>Biedronki<\/strong>, starsze dzieci \u2013 <strong>Motylki<\/strong>.<\/p>\n<p>Przedszkole jest estetyczne, posiada kolorowe meble dostosowane do wieku dzieci, k\u0105ciki zainteresowa\u0144, zabawki, gry, uk\u0142adanki oraz r\u00f3\u017cnego rodzaju pomoce dydaktyczne, sprz\u0119t audio video, literatur\u0119 dzieci\u0119c\u0105 i metodyczn\u0105 uwzgl\u0119dniaj\u0105c\u0105 potrzeby dzieci i ich rodzic\u00f3w. Pomieszczenia i zabawki spe\u0142niaj\u0105 wymogi BHP i normy higieniczno-metra\u017cowe. Ca\u0142e zaplecze sanitarno-higieniczne oraz kuchenne odpowiada wymogom zawartym w odpowiednich przepisach.<\/p>\n<p>\u017bycie przedszkolne \u201ezapisujemy\u201d na zdj\u0119ciach i filmach, kt\u00f3re s\u0105 dost\u0119pne dla rodzic\u00f3w w zamkni\u0119tych grupach na Facebook&#8217;u (zdj\u0119cia codzienne) i w chmurze (z wydarze\u0144 i uroczysto\u015bci).<\/p>\n<p><a href=\"http:\/\/www.enart.com.pl\/wp-content\/uploads\/2022\/03\/InkedUlotka-a5-v2_finalna_wersja_LI.jpg\"><img decoding=\"async\" loading=\"lazy\" class=\"alignnone size-thumbnail wp-image-3237\" src=\"http:\/\/www.enart.com.pl\/wp-content\/uploads\/2022\/03\/InkedUlotka-a5-v2_finalna_wersja_LI-150x150.jpg\" alt=\"\" width=\"150\" height=\"150\"><\/a><\/p>\n<p>&nbsp;<\/p>\n","protected":false},"excerpt":{"rendered":"<p>Przedszkole Niepubliczne \u201eENART\u201d funkcjonuje&nbsp; od jesieni 2011 roku. Usytuowane jest w do\u015b\u0107 spokojnej cz\u0119\u015bci Piask\u00f3w, przy szkole. Bezpo\u015brednie s\u0105siedztwo lasu dodaje uroku i sprzyja zdrowemu obcowaniu z przyrod\u0105. Budynek przedszkola i przylegaj\u0105cy do niego ogr\u00f3d znajduj\u0105 si\u0119 na terenie ogrodzonym, &hellip; <a href=\"https:\/\/www.enart.com.pl\/?page_id=2939\">Czytaj dalej <span class=\"meta-nav\">&rarr;<\/span><\/a><\/p>\n","protected":false},"author":1,"featured_media":0,"parent":0,"menu_order":0,"comment_status":"closed","ping_status":"closed","template":"","meta":[],"_links":{"self":[{"href":"https:\/\/www.enart.com.pl\/index.php?rest_route=\/wp\/v2\/pages\/2939"}],"collection":[{"href":"https:\/\/www.enart.com.pl\/index.php?rest_route=\/wp\/v2\/pages"}],"about":[{"href":"https:\/\/www.enart.com.pl\/index.php?rest_route=\/wp\/v2\/types\/page"}],"author":[{"embeddable":true,"href":"https:\/\/www.enart.com.pl\/index.php?rest_route=\/wp\/v2\/users\/1"}],"replies":[{"embeddable":true,"href":"https:\/\/www.enart.com.pl\/index.php?rest_route=%2Fwp%2Fv2%2Fcomments&post=2939"}],"version-history":[{"count":9,"href":"https:\/\/www.enart.com.pl\/index.php?rest_route=\/wp\/v2\/pages\/2939\/revisions"}],"predecessor-version":[{"id":3762,"href":"https:\/\/www.enart.com.pl\/index.php?rest_route=\/wp\/v2\/pages\/2939\/revisions\/3762"}],"wp:attachment":[{"href":"https:\/\/www.enart.com.pl\/index.php?rest_route=%2Fwp%2Fv2%2Fmedia&parent=2939"}],"curies":[{"name":"wp","href":"https:\/\/api.w.org\/{rel}","templated":true}]}}

Strona główna

<p><strong>Przedszkole Niepubliczne „ENART”</strong> funkcjonuje&nbsp; od jesieni <strong>2011</strong> roku. Usytuowane jest w dość spokojnej części Piasków, przy szkole. Bezpośrednie sąsiedztwo lasu dodaje uroku i sprzyja zdrowemu obcowaniu z przyrodą.</p>
<p>Budynek przedszkola i przylegający do niego ogród znajdują się na terenie ogrodzonym, zabezpieczonym przed wejściem osób niepowołanych (domofon). Ogród przedszkolny jest&nbsp; przestrzenny, zazieleniony, sezonowo bogaty<br />
w kolorowo kwitnące kwiaty, wyposażony w sprzęt do zajęć i zabaw ruchowych.</p>
<p>Przedszkole czynne jest (maksymalnie) od godziny 6.30 do 16.30. W przedszkolu może bawić się i uczyć maks. 33 wychowanków w wieku <strong>od</strong> <strong>2,5 do 5 lat</strong>: młodsze dzieci – grupa <strong>Biedronki</strong>, starsze dzieci – <strong>Motylki</strong>.</p>
<p>Przedszkole jest estetyczne, posiada kolorowe meble dostosowane do wieku dzieci, kąciki zainteresowań, zabawki, gry, układanki oraz różnego rodzaju pomoce dydaktyczne, sprzęt audio video, literaturę dziecięcą i metodyczną uwzględniającą potrzeby dzieci i ich rodziców. Pomieszczenia i zabawki spełniają wymogi BHP i normy higieniczno-metrażowe. Całe zaplecze sanitarno-higieniczne oraz kuchenne odpowiada wymogom zawartym w odpowiednich przepisach.</p>
<p>Życie przedszkolne „zapisujemy” na zdjęciach i filmach, które są dostępne dla rodziców w zamkniętych grupach na Facebook&#8217;u (zdjęcia codzienne) i w chmurze (z wydarzeń i uroczystości).</p>
<p><a href="http://www.enart.com.pl/wp-content/uploads/2022/03/InkedUlotka-a5-v2_finalna_wersja_LI.jpg"><img decoding="async" loading="lazy" class="alignnone size-thumbnail wp-image-3237" src="http://www.enart.com.pl/wp-content/uploads/2022/03/InkedUlotka-a5-v2_finalna_wersja_LI-150x150.jpg" alt="" width="150" height="150"></a></p>
<p>&nbsp;</p>

<p>Przedszkole Niepubliczne „ENART” funkcjonuje&nbsp; od jesieni 2011 roku. Usytuowane jest w dość spokojnej części Piasków, przy szkole. Bezpośrednie sąsiedztwo lasu dodaje uroku i sprzyja zdrowemu obcowaniu z przyrodą. Budynek przedszkola i przylegający do niego ogród znajdują się na terenie ogrodzonym, &hellip; <a href="https://www.enart.com.pl/?page_id=2939">Czytaj dalej <span class="meta-nav">&rarr;</span></a></p>
